-20214?
-20223
In base 8, what is 3137 + 3?
3142
In base 9, what is 2 + -714?
-712
In base 3, what is 22121 + 10?
22201
In base 3, what is -2200 + -1?
-2201
In base 10, what is -6 - 165?
-171
In base 4, what is -202 - 110?
-312
In base 12, what is -2 + 122?
120
In base 5, what is 414 - -1031?
2000
In base 14, what is -ab3 + 2?
-ab1
In base 15, what is ea - 4?
e6
In base 12, what is 35 - 1a7?
-172
In base 4, what is -22111 + -1?
-22112
In base 13, what is 595 - 2?
593
In base 8, what is 1 - 44?
-43
In base 5, what is 0 - -422?
422
In base 11, what is 13a6 - 10?
1396
In base 14, what is -120 - 3?
-123
In base 3, what is 20010 + -11?
12222
In base 4, what is -2 + 1000322?
1000320
In base 7, what is 1355 - 4?
1351
In base 9, what is 223 + -70?
143
In base 13, what is -64c - 1?
-650
In base 15, what is 3 + -1ac?
-1a9
In base 5, what is -111 + -2?
-113
In base 14, what is -110 + 5?
-109
In base 14, what is -bc - -26?
-96
In base 2, what is 10001101 + -1101?
10000000
In base 9, what is 3 - -26?
30
In base 6, what is -45 - 3?
-52
In base 16, what is -18 + b?
-d
In base 13, what is 6 + 5?
b
In base 9, what is 5 - 403?
-387
In base 9, what is 180 - 4?
175
In base 5, what is 4 - 432?
-423
In base 15, what is 2d + a?
38
In base 2, what is -101000000 - -10011?
-100101101
In base 3, what is -22 - -12121?
12022
In base 14, what is -4 + -66?
-6a
In base 14, what is b55 + -2?
b53
In base 2, what is 100011 - -100?
100111
In base 11, what is 3 - -2a?
32
In base 2, what is -1100011110011 + 11?
-1100011110000
In base 12, what is 90 - 1a?
72
In base 7, what is -1305 - -2?
-1303
In base 6, what is 13 - -1101?
1114
In base 15, what is -24 + -85?
-a9
In base 7, what is -150 - 1?
-151
In base 9, what is 356 - -3?
360
In base 2, what is -11 - -101001100111?
101001100100
In base 7, what is -2 - 32?
-34
In base 10, what is 2 - 38?
-36
In base 13, what is -8 - -27?
1c
In base 10, what is 5 - 46?
-41
In base 16, what is e0 + 5?
e5
In base 5, what is 421 + -34?
332
In base 5, what is -1 + -301?
-302
In base 6, what is 4 + 41403?
41411
In base 16, what is 92 + -1?
91
In base 13, what is -1b + c?
-c
In base 4, what is 322 + 202?
1130
In base 6, what is -15 + 402?
343
In base 3, what is 100111 - -1?
100112
In base 13, what is -5 + -877?
-87c
In base 11, what is -7 + -5?
-11
In base 2, what is 10000 - -1010?
11010
In base 7, what is -331 - -211?
-120
In base 3, what is 210 - 221?
-11
In base 6, what is -2 + 35521?
35515
In base 13, what is 4751 + 4?
4755
In base 9, what is 346 - 0?
346
In base 15, what is 1c8 + -4?
1c4
In base 4, what is 2 - 3220?
-3212
In base 10, what is -286 - -9?
-277
In base 14, what is -2 + 22d?
22b
In base 16, what is -1b + -162?
-17d
In base 5, what is -1033 - -12?
-1021
In base 15, what is 2 - -125?
127
In base 12, what is -5997 + 0?
-5997
In base 3, what is 222 - -120?
1112
In base 14, what is -106 - -4?
-102
In base 8, what is -2113 - 4?
-2117
In base 10, what is 1 + -55?
-54
In base 5, what is 110 - 443?
-333
In base 7, what is 214 + -4?
210
In base 13, what is 20 - -89?
a9
In base 11, what is -76 + -3?
-79
In base 10, what is 4 - 364?
-360
In base 3, what is -12 - -201010?
200221
In base 5, what is -112 - 4?
-121
In base 13, what is 2 + 56?
58
In base 8, what is -4 + 70?
64
In base 3, what is 10 + 10021?
10101
In base 3, what is -20210 - 0?
-20210
In base 10, what is 139 - -1?
140
In base 8, what is -725 + -4?
-731
In base 13, what is -5 + 138?
133
In base 16, what is 4e - 1?
4d
In base 6, what is 0 - 55143?
-55143
In base 4, what is 2000 + -2?
1332
In base 12, what is -1 + -100?
-101
In base 11, what is -5 - 1120?
-1125
In base 3, what is 2020120 + 12?
2020202
In base 4, what is 31221 + 11?
31232
In base 2, what is -111 + 100100?
11101
In base 14, what is -154 + 3?
-151
In base 9, what is 164 - 3?
161
In base 4, what is 21 + -2?
13
In base 4, what is 2111 + -13?
2032
In base 16, what is -41 - -1?
-40
In base 2, what is -100001101011100 + 1?
-100001101011011
In base 8, what is -17 - -120?
101
In base 13, what is 7 + 73?
7a
In base 15, what is d7 - 5?
d2
In base 9, what is -1 - -2400?
2388
In base 15, what is 6 + -775?
-76e
In base 2, what is 10010 + -110001?
-11111
In base 5, what is -114 + 1241?
1122
In base 9, what is -204 - 2?
-206
In base 5, what is 132434 - 10?
132424
In base 4, what is -12 - -22?
10
In base 14, what is 3 + -20?
-1b
In base 12, what is 1531 - 5?
1528
In base 4, what is -113 - -3113?
3000
In base 10, what is 8 - -264?
272
In base 4, what is -10 - 30?
-100
In base 14, what is 0 - 369?
-369
In base 3, what is -200200 + 11?
-200112
In base 14, what is 511 + -5?
50a
In base 15, what is -5 - 564?
-569
In base 13, what is -94 - 26?
-ba
In base 10, what is -6 - -13?
7
In base 3, what is -10 + -11021?
-11101
In base 4, what is -1030 + -33?
-1123
In base 6, what is 554 + -25?
525
In base 13, what is 3 + -38b?
-388
In base 2, what is 111110 + -1111?
101111
In base 6, what is -1 - 3?
-4
In base 3, what is 2 + -10100?
-10021
In base 10, what is 21 - -75?
96
In base 8, what is 10612 - 4?
10606
In base 15, what is -3d - -289?
24b
In base 10, what is -64 + 28?
-36
In base 10, what is 196 - 21?
175
In base 12, what is -109 + -a?
-117
In base 12, what is 3 - -337b?
3382
In base 6, what is -1105 + 4?
-1101
In base 8, what is -1650 + 0?
-1650
In base 14, what is 1a - -63?
7d
In base 16, what is -34d - d?
-35a
In base 9, what is -417 + 23?
-384
In base 15, what is 2 - 367?
-365
In base 8, what is 547 + -1?
546
In base 15, what is 1a - -5?
20
In base 3, what is 1012 - 1?
1011
In base 5, what is 20 + -1043?
-1023
In base 15, what is 78 - 6?
72
In base 9, what is 17 + -114?
-86
In base 4, what is -21031 - 12?
-21103
In base 3, what is 120 - -10021?
10211
In base 7, what is 440 + 4?
444
In base 15, what is 5 - -845?
84a
In base 6, what is -30 + 111?
41
In base 9, what is 31 - 3?
27
In base 2, what is 11100111101 - 100?
11100111001
In base 4, what is -102 - -2?
-100
In base 15, what is -4 - 15?
-19
In base 7, what is 3 - 161?
-155
In base 10, what is -444 - 3?
-447
In base 12, what is -23 + 2?
-21
In base 2, what is -1 - -10001100?
10001011
In base 13, what is -2b - 26?
-54
In base 16, what is 2a + 10?
3a
In base 7, what is 4 - 14?
-10
In base 12, what is -2 - -42?
40
In base 5, what is -11 - 1443?
-2004
In base 13, what is 12 + -13?
-1
In base 14, what is -6 - -21?
19
In base 11, what is 223 - 4?
21a
In base 7, what is 601 - -14?
615
In base 12, what is 0 - -129?
129
In base 3, what is 2222 - 10?
2212
In base 5, what is 101 + 221?
322
In base 13, what is 34 + 77?
ab
In base 2, what is 10 - 1001100110?
-1001100100
In base 6, what is 1215 - 5?
1210
In base 16, what is 0 - -11?
11
In base 6, what is 102 - -30?
132
In base 11, what is -3 + 544?
541
In base 10, what is -2157 + -2?
-2159
In base 10, what is -60 + -4?
-64
In base 15, what is -6d2 - 3?
-6d5
In base 7, what is 5 - -153?
161
In base 12, what is -2 + -447?
-449
In base 13, what is 12 - 279?
-267
In base 7, what is -5 + -500?
-505
In base 10, what is 558 + -7?
551
In base 4, what is 10 + 300?
310
In base 16, what is -1 + -aa?
-ab
In base 3, what is 2010122120 - -1?
2010122121
In base 15, what is 2 + -7?
-5
In base 13, what is 5 - -29?
31
In base 7, what is 1656 - 6?
1650
In base 3, what is 1002 - -1?
1010
In base 11, what is -4 + -649?
-652
In base 3, what is 101 + 20?
121
In base 15, what is -1c - -4?
-18
In base 9, what is -3 - 20?
-23
In base 15, what is -1 + 272?
271
In base 13, what is 215 + 31?
246
In base 15, what is -1 - 20?
-21
In base 7, what is 33 - 11?
22
In base 10, what is -1 + -4444?
-4445
In base 9, what is 71 + 0?
71
In base 2, what is 1 - 11001000?
-11000111
In base 16, what is -310 + 0?
-310
In base 12, what is -1 + -135?
-136
In base 2, what is -10000110 - 101?
-10001011
In base 4, what is 1030 + -113?
311
In base 8, what is -41 + 67?
26
In base 13, what is -39 + 18b?
152
In base 14, what is 5 + -185?
-180
In base 13, what is -5 - -55?
50
In base 11, what is -1960 - -2?
-1959
In base 9, what is -8 - -136?
127
In base 9, what is -33 + 3?
-30
In base 16, what is b - -c?
17
In base 9, what is 4542 + 2?
4544
In base 14, what is 77 - 196?
-11d
In base 6, what is -102 - -10?
-52
In base 3, what is 2200 + 2?
2202
In base 15, what is -ab + 1?
-aa
In base 5, what is -244211 + -1?
-